{"id":2716,"date":"2019-03-20T20:59:31","date_gmt":"2019-03-20T18:59:31","guid":{"rendered":"http:\/\/seeweg.info\/wordpress\/?page_id=2716"},"modified":"2019-03-21T21:30:45","modified_gmt":"2019-03-21T19:30:45","slug":"ziele-des-vereins","status":"publish","type":"page","link":"https:\/\/seeweg.info\/wordpress\/aktuelle-ausstellung\/ziele-des-vereins\/","title":{"rendered":"Zweck des Vereins"},"content":{"rendered":"\n<h1 class=\"wp-block-heading\" style=\"text-align:center\">Zweck des Vereins <br><br>Seeweg Gut Wittmoldt e.V.<\/h1>\n\n\n\n<ul>\n<li>Zweck des Vereins ist die F\u00f6rderung von zeitgen\u00f6ssischer Kunst und jungen K\u00fcnstlern durch die vorbereitende Planung, Organisation und Durchf\u00fchrung von Ausstellungsprojekten mit zeitgen\u00f6ssischer Kunst und kulturellen Veranstaltungen in den Bereichen Kunst, Literatur, Film und Musik &#8211; im Park und im historischen Herrenhaus von der Kulturvermittlung in der historisch gewachsenen Gutslandschaft des \u00fcber 700 Jahre alten Gutes Wittmoldt.<\/li>\n<br>\n<li>Der Vereinszweck wird realisiert durch die Einwerbung von Spenden und die Beantragung \u00f6ffentlicher F\u00f6rdermittel zur Finanzierung solcher Projekte und Veranstaltungen. Der Verein setzt sich so zum Ziel, das Interesse f\u00fcr zeitgen\u00f6ssische Kunst und die Reflexionen \u00fcber die historische Kultur des Ortes als Aufgabe zu wecken und zu festigen.<\/li>\n<br>\n<li>Ein zentrales Ziel des Vereins ist, den bestehenden Skulpturenpark \u201eSeeweg\u201c mit den Arbeiten des K\u00fcnstlers Bernhard G. Lehmann als Intitiations-Projekt des Vereins vor substantiellen Eingriffen zu sch\u00fctzen und zu erhalten. Der \u201eSeeweg\u201c soll mit Kunstprojekten und Veranstaltungen unter kompetenter kuratorischer Anleitung fortw\u00e4hrend weiter erg\u00e4nzt und entwickelt werden.<\/li>\n<br>\n<li>Im Einvernehmen mit den Eigent\u00fcmern des Gutes Wittmoldt sollen der \u201eSeeweg\u201c und die Ausstellungen im Innenbereich als \u00f6ffentlich zug\u00e4ngliche Orte in die Zukunft gef\u00fchrt werden.<\/li>\n<\/ul>\n\n\n\n<p><\/p>\n","protected":false},"excerpt":{"rendered":"<p>Zweck des Vereins Seeweg Gut Wittmoldt e.V. Zweck des Vereins ist die F\u00f6rderung von zeitgen\u00f6ssischer Kunst und jungen K\u00fcnstlern durch die vorbereitende Planung, Organisation und Durchf\u00fchrung von Ausstellungsprojekten mit zeitgen\u00f6ssischer Kunst und kulturellen Veranstaltungen in den Bereichen Kunst, Literatur, Film und Musik &#8211; im Park und im historischen Herrenhaus von der Kulturvermittlung in der historisch &hellip; <a href=\"https:\/\/seeweg.info\/wordpress\/aktuelle-ausstellung\/ziele-des-vereins\/\" class=\"more-link\"><span class=\"screen-reader-text\">Zweck des Vereins<\/span> weiterlesen<\/a><\/p>\n","protected":false},"author":2,"featured_media":0,"parent":5,"menu_order":3,"comment_status":"closed","ping_status":"closed","template":"","meta":{"_monsterinsights_skip_tracking":false,"_monsterinsights_sitenote_active":false,"_monsterinsights_sitenote_note":"","_monsterinsights_sitenote_category":0,"footnotes":""},"class_list":["post-2716","page","type-page","status-publish","hentry"],"_links":{"self":[{"href":"https:\/\/seeweg.info\/wordpress\/wp-json\/wp\/v2\/pages\/2716","targetHints":{"allow":["GET"]}}],"collection":[{"href":"https:\/\/seeweg.info\/wordpress\/wp-json\/wp\/v2\/pages"}],"about":[{"href":"https:\/\/seeweg.info\/wordpress\/wp-json\/wp\/v2\/types\/page"}],"author":[{"embeddable":true,"href":"https:\/\/seeweg.info\/wordpress\/wp-json\/wp\/v2\/users\/2"}],"replies":[{"embeddable":true,"href":"https:\/\/seeweg.info\/wordpress\/wp-json\/wp\/v2\/comments?post=2716"}],"version-history":[{"count":16,"href":"https:\/\/seeweg.info\/wordpress\/wp-json\/wp\/v2\/pages\/2716\/revisions"}],"predecessor-version":[{"id":2742,"href":"https:\/\/seeweg.info\/wordpress\/wp-json\/wp\/v2\/pages\/2716\/revisions\/2742"}],"up":[{"embeddable":true,"href":"https:\/\/seeweg.info\/wordpress\/wp-json\/wp\/v2\/pages\/5"}],"wp:attachment":[{"href":"https:\/\/seeweg.info\/wordpress\/wp-json\/wp\/v2\/media?parent=2716"}],"curies":[{"name":"wp","href":"https:\/\/api.w.org\/{rel}","templated":true}]}}